o?
9
Let v = -74673 + 151375. What is the thousands digit of v?
6
Suppose 50*s - 52*s - 5354 = 0. What is the tens digit of 81/135 + s/(-5)?
3
Suppose -94*z + 438512 + 786590 = 0. What is the units digit of z?
3
Let u(m) = -20*m + 33. Let x(g) = 19*g - 31. Let j(o) = -6*u(o) - 5*x(o). What is the units digit of j(11)?
2
Let f = 7 + 9. Suppose -f*u = -19*u + 9. Let r = 12 - u. What is the units digit of r?
9
Let n(r) = -r**2 - 7*r + 1. Let q be n(-6). Suppose q*u + 372 = 3*u. Let z = 209 + u. What is the tens digit of z?
1
Let v(w) = -13 - 9 - 8*w + 30 + 383*w**2 - 2. What is the thousands digit of v(2)?
1
Suppose 528 = 14*i - 60. Suppose i*d = 28378 + 28574. What is the thousands digit of d?
1
Suppose -550 = -4*b - 114. Let m = b + -90. Let u = 17 + m. What is the units digit of u?
6
Let k = -2338 + 6552. What is the units digit of k?
4
Let s(i) = -i**3 - 4*i**2 + i - 6. Let x be s(-3). Let w be -2*(-15)/x*-3. Suppose -r = 2*a - 14, 5 = 2*r + w*a - 26. What is the units digit of r?
8
Suppose 7*g = 2*i + 12*g - 42858, -2*i + 42850 = 3*g. What is the hundreds digit of i?
4
What is the thousands digit of (1/3)/(3521122/(-167673) - -21)?
5
Let r be (-48)/(-32)*(-2 + 52/6). Suppose n = -2*v + 1495, -3000 = -12*n + r*n - 2*v. What is the tens digit of n?
0
What is the tens digit of 2*(235365/30 - 10)?
7
Let n(u) = u + 1. Let h(i) = 104*i - 3. Let g(y) = h(y) - 4*n(y). Let z be g(2). What is the hundreds digit of 4 + 0 + -1 + z?
1
Let f(d) be the first derivative of 112*d**3/3 - 8*d**2 + 17*d - 216. What is the hundreds digit of f(3)?
9
Let p(r) = r**2 - 5*r - 17. Let x(t) = 4*t**2 - 19*t - 69. Let v(g) = 9*p(g) - 2*x(g). Let b be v(9). What is the units digit of b/2 + 13/26?
2
Suppose 0 = 210*p - 209*p + 2*b - 15439, 0 = 5*p + 2*b - 77179. What is the units digit of p?
5
Suppose -8*d - 4 = -12*d, -3*d = 2*i - 1021. What is the tens digit of i?
0
What is the ten thousands digit of 1/18 + 438/(-108) - -58885?
5
Let n(t) = -t**3 - 27*t**2 + 90*t - 4. Let c be n(-30). What is the tens digit of (-114480)/(-520) + c/26?
2
Let f(k) = 5*k**2 + 7*k - 6. Suppose 4*a = -2*l - 68, 0*l + 18 = -2*a + 3*l. Let d(q) = q**2 + 14*q - 11. Let w be d(a). What is the hundreds digit of f(w)?
1
Suppose 3*l = -u + 405, 5*l - 524 = l + 4*u. Suppose -x = b + 52, 4*b - 2*b - 4*x = -74. Let w = l + b. What is the tens digit of w?
8
Suppose 4*b - v - 8 = 0, 2*b + 16*v - 4 = 18*v. Suppose -5*w + b*y - 151 = -502, -y + 2 = 0. What is the units digit of w?
1
Suppose -2*u - w = -9, 8 + 3 = 3*u - w. What is the units digit of (62/u)/(-12 + (-100)/(-8))?
1
Let x = 5881 - 1389. What is the hundreds digit of x?
4
Let i(j) = -j**3 + 21*j**2 - 9*j + 7. Let y be i(20). Let b = 226 - 224. Suppose y = b*o - 101. What is the hundreds digit of o?
1
Let d(g) = g**2 - 3*g - 5. Let x be d(10). Suppose 61*a = 3*r + x*a - 3180, a - 3189 = -3*r. What is the units digit of r?
4
Let h be (25 + 0 + 0 - -1) + -1. Suppose h*i - 12*i = 8671. What is the units digit of i?
7
Suppose -1 - 11 = -4*h. Suppose h*g - 4*i + 226 = -6*i, -4*g - 308 = i. Let a = 81 - g. What is the units digit of a?
9
Suppose -5*r + 11 = -14. Suppose -5*g = -4*y - y + r, 0 = y - 5*g + 15. Suppose -3*p + 413 = -y*u, 5*u + 272 = 2*p - 0*p. What is the hundreds digit of p?
1
Let d(y) = -6*y**3 + 4*y**2 - 9*y - 4. Let h = -56 + 59. Let w be d(h). What is the units digit of -2 + (0 - 1 - 0) - w?
4
Let n be ((-14)/6 - -1)/(12/(-27)). Suppose 0 = o + 4*s - 354, -2*s + 1346 = o + n*o. What is the units digit of o?
4
Let y(h) = 2*h**2 - 3*h**3 + 2*h**2 + 6*h**3 + 2 - 3. Let z be y(-3). Let f = z + 101. What is the tens digit of f?
5
Let u = 1909 + 3214. What is the thousands digit of u?
5
Let i = -1691 + 3467. Suppose 4*t + 3*v - i = 0, -4*t + 1776 = 5*v - 0*v. Let o = t - 226. What is the tens digit of o?
1
Suppose 26 = u + 18. Suppose 2*q + 2 = u. Suppose -5*a + 176 = -3*a - 2*k, -181 = -2*a + q*k. What is the units digit of a?
3
Let a be 0 + -22 - ((-2 - 3) + 3). Let r = 54 - a. What is the tens digit of r?
7
Suppose 0 = -q - 4*q - 20, -4*o + 2220 = -5*q. Let l = 790 - o. What is the units digit of l?
0
Let o(f) = 47*f**3 + f**2 - 2*f - 6. Suppose -7 = -3*k + j, 14 - 13 = -k - 3*j. What is the tens digit of o(k)?
7
Suppose 5*s - 4*y + 19 = 0, s + 4*y - 13 = 4*s. Let j be (-4)/(s - -2) + 3. Suppose j = 2*p - 41. What is the tens digit of p?
2
Let y = -2369 + 4354. What is the tens digit of y?
8
Suppose -3*c + 9153 = 33*y - 32*y, 0 = 3*y + 3*c - 27435. What is the units digit of y?
1
Let m(s) = 26 + s**2 + 33 - 36 - 11*s. Let n be m(15). What is the units digit of -5 - (-3 + 4 - n)?
7
Suppose -107 = z + 5*j, z + z + 235 = -3*j. Let i(m) = -65*m + 225. Let p be i(4). Let n = p - z. What is the units digit of n?
7
Suppose -66*z + 18*z = -2624141 + 366941. What is the hundreds digit of z?
0
Let l be 278/1 - (8 - 7)*-4. Let w = 4 + l. What is the tens digit of w?
8
Let q(k) = -k**3 + k**2 + 198*k + 39. What is the hundreds digit of q(-26)?
1
Let p = -133 - -111. Let u = p + 27. Suppose 2*c = 4*f + 184, f = -u*c - 0*f + 504. What is the tens digit of c?
0
Suppose -49*l + 55*l = 24. Suppose 2*c + 5*u = l*c - 857, 2*u = 5*c - 2195. What is the tens digit of c?
4
Let k be 39/15 + 6/15 - 15. What is the tens digit of -1*2*(1206/k - -1)?
9
Let l(q) = 20*q**2 + 10*q - 41. What is the thousands digit of l(-12)?
2
Let t be ((-14)/4)/(-4 - 57/(-14)). Let o = -46 - t. Suppose 5*g - 3*q = 834, -o*g + 175 = -4*q - 332. What is the units digit of g?
5
What is the hundreds digit of (16002/147)/(14/539)?
1
Let i(z) be the third derivative of z**4/24 + 5*z**3/6 - 15*z**2. Let p be i(-7). What is the tens digit of (p - (75 + 2))*-1?
7
Let c = 253 + -220. Suppose -c*m + 18446 = -1123. What is the tens digit of m?
9
Suppose 0*o - 3*w = 4*o - 4769, 2*o - 2391 = 5*w. Suppose -3*v = -5*v + p + o, 5*v - 2984 = p. Suppose -13*d = -534 - v. What is the tens digit of d?
8
Let c = 22979 + -4730. What is the ten thousands digit of c?
1
Suppose 3*a + 1026 = 1038. Suppose -a*g + 1520 = -4*h, 4*g - 237 = -5*h + 1256. What is the tens digit of g?
7
Suppose 0 = -5*m - 0*g + g - 179, -2*m = 4*g + 76. Let i(o) = -12*o + 154. Let x be i(9). Let h = x + m. What is the tens digit of h?
1
Let k(u) = 842*u**2 + 319*u + 36. What is the thousands digit of k(9)?
1
Let w(n) be the first derivative of 3*n + 35/2*n**2 + 29. What is the hundreds digit of w(3)?
1
Let m be (8/(-10))/(2/(-35)). Let d be 5*((-62)/(-10) + -5). What is the tens digit of d/(-14) - (-944)/m?
6
Suppose 38*f = -88*f + 1784412. What is the ten thousands digit of f?
1
Suppose 7*p - 4663 = 4*r, -7*r - 3*p - 5770 = -2*r. Let c = 2340 + r. What is the hundreds digit of c?
1
Suppose 863 = 5*m - 2552. Let q = m + -349. Suppose 2*l = 4*l + 3*b - 334, b - q = -2*l. What is the tens digit of l?
6
Let p(d) = -20*d - 25. Let o be p(-2). Suppose -o*k + 5711 + 994 = 0. What is the hundreds digit of k?
4
Let i(l) = 20*l - 12. Let f be i(7). Let v = 161 + f. What is the hundreds digit of v?
2
Suppose -12*q + 8391 + 141230 = 23957. What is the hundreds digit of q?
4
Suppose 2*y - 320 = -2*y. Let h = y - 77. Suppose -4*i + h*m + 336 = m, -3*i = m - 257. What is the units digit of i?
5
Suppose -11*w = 2*p - 6*w - 10233, -2*w - 20526 = -4*p. What is the tens digit of p?
2
Suppose 0 = -17*d + 20*d. Suppose 2*r - 560 = -2*c, -2*r + c = -d*r - 557. What is the units digit of r?
9
Let a = -423 - -275. Let o = a + 310. What is the tens digit of o?
6
Suppose 0 = -16*j - 114 - 14. What is the thousands digit of -4996*j/32 - 7?
1
Let b = 31 + -68. Let a = -32 - b. Suppose -8*g + 192 = -a*g. What is the tens digit of g?
6
Let c(k) = -41*k + 6 + 47*k + 18 - 1. Let r be c(-5). Let p = 23 + r. What is the tens digit of p?
1
Let f(j) = 22*j**2 - 143*j - 3512. What is the units digit of f(-41)?
3
Suppose -29 = -d + 1. Let h = -10 - -84. Suppose -d = -j - 4*v, 3*j + v + 3*v = h. What is the tens digit of j?
2
Suppose 1003278 + 232706 = 45*z - 751846. What is the units digit of z?
4
Suppose -4*z + 28*z - 311742 = -45*z. What is the units digit of z?
8
Let v = -7133 + 12612. Suppose -979 = 3*z - v. What is the hundreds digit of z?
5
Let c(x) = 291*x - 284. Let u be c(16). Suppose 5*p - 5465 = -2*t, -28*p + 24*p + u = -4*t. What is the thousands dig